 j + v. What is the units digit of s?
3
Suppose 32*v = 37*v - 210. What is the units digit of v?
2
Suppose -3*p + 38 = -p. Suppose -53 = -2*g - p. What is the tens digit of g?
1
Let t(j) = j**2 + j + 1. Let y be t(-2). Suppose -55 - 8 = -y*x. What is the tens digit of x?
2
Suppose -4*n + 5*n - 30 = 0. Suppose -2*u + 3 = r, -2*u + 2*r = 3*u - n. What is the units digit of u?
4
Let c(w) = -w**2 + 8*w + 13. Suppose -4*i = -54 + 18. What is the units digit of c(i)?
4
Suppose -12 = -7*n + 4*n. Suppose 2*w + n = 4*w. Suppose -2*b + 68 = w*b. What is the units digit of b?
7
Let s(t) = 2*t - 1. Let y be 2*9/(-12)*-2. What is the units digit of s(y)?
5
Let m = 59 - 9. What is the units digit of m?
0
Suppose 4*a + 52 = 5*a. What is the tens digit of a?
5
Let z = 5 + -1. Suppose 0 = m - z. What is the units digit of m?
4
Let m be 2821/35 - (-2)/5. Suppose -2*n + m + 5 = 0. What is the tens digit of n?
4
Suppose -2*k - 2*k = -w + 18, -3*k = w - 39. Suppose 9*q + w = 14*q. What is the units digit of q?
6
Suppose -5*o = -o - 3*f - 103, 0 = 2*o + 4*f - 24. Suppose g - o = -g. What is the units digit of g?
1
Let d(a) = a**2 + 15*a + 16. Let i be d(-12). Let z = 15 - i. What is the units digit of z?
5
Suppose 2*l - 9 = o, 4*l + 3*o - 23 = -0*o. Suppose 4*i + 2*q = q + 58, 50 = 4*i + l*q. What is the tens digit of i?
1
Let m(p) = p**2 - 4*p + 1. What is the units digit of m(4)?
1
Suppose -3*p - 68 = 76. Let b = 68 + p. Suppose b = -4*n, 3*n = 3*m - n - 41. What is the units digit of m?
7
Let g(b) = b**3 + 6*b**2 + 4*b + 3. Let v(z) = z**3 + 5*z**2 - 7*z + 2. Let h be v(-6). Suppose -5*x - 2 = h. What is the tens digit of g(x)?
1
Suppose -755 - 385 = 3*q. What is the units digit of q/(-8) + 4/8?
8
Suppose -2*c + 50 = -2*n - 2*n, 3*c + 35 = -4*n. Let m = 19 + n. What is the units digit of m?
8
Let t be (1 - (2 - 0))*7. Suppose -3*n + 0*n + 36 = 0. Let p = t + n. What is the units digit of p?
5
Let y(p) = -152*p**3 + p**2 + p. What is the tens digit of y(-1)?
5
Suppose -6*z + 9 = -3*z. Suppose -4*q = -q - z. What is the units digit of (q/(-1))/(-1 - 0)?
1
What is the tens digit of (-3*(-24)/(-27))/((-1)/21)?
5
Let b = 7 - 1. Let z(f) be the first derivative of f**2/2 - 2*f - 1. What is the units digit of z(b)?
4
Let w(y) = y**2 + 3*y - 6. What is the tens digit of w(-12)?
0
Let z(r) = r**2 + 5*r - 3. Let q be z(-6). Suppose -9 = -b - 3*m, 4*m - 10 = -4*b + q*b. What is the units digit of b?
6
Let w = -5 - -31. What is the tens digit of w?
2
Let i be (-10)/(-15) - 44/12. What is the units digit of (-8)/6*(i + -15)?
4
Let i = -1 - -4. Suppose -i*z + 18 = -24. Suppose -4*w + 58 = z. What is the units digit of w?
1
Let b(f) = f + 3. Let q be b(0). Let o = q - 1. Suppose 3*m = -3*v + 24, -o*m + 19 = 5*v - 18. What is the units digit of v?
7
Let n be 1*(-10)/6*6. Let f(u) = -u**3 - 4*u**2 - 3*u + 2. Let j be f(-4). Let d = n + j. What is the units digit of d?
4
Suppose 0 = f + 3*x + 7, 1 + 4 = f - x. Let p(k) = 0*k**2 - f - k**2 + 5. What is the units digit of p(0)?
3
Let z = 60 - 45. What is the tens digit of z?
1
Suppose 3*t + t = 20, -1 = -3*o + t. Let m(f) = -2*f - f + 4*f. What is the units digit of m(o)?
2
Suppose -654 = -3*j + 4*r, 2*j - 81 - 332 = -5*r. What is the hundreds digit of j?
2
Suppose 3*b - 1 = 4*j - 3, 0 = -2*j + 2*b. Suppose 2*n - 44 = -j*n. What is the tens digit of n?
1
Let d = 31 + -158. Let b = d - -180. What is the units digit of b?
3
Suppose -o = 4, 0 = 2*p + p - o - 10. Suppose -p*h + 3 = h. Let q = 7 - h. What is the units digit of q?
6
Let o be 8/28 - (-346)/14. Let r = o + -14. Suppose 5*u - 19 = r. What is the units digit of u?
6
Let v(j) = -11*j - 7. Let a(h) = h + 1. Let t(m) = -6*a(m) - v(m). Let c be t(1). Suppose 0 = -4*b + c*b - 18. What is the units digit of b?
9
Suppose 33*c + 375 = 36*c. What is the hundreds digit of c?
1
Let o = 8 + 30. Suppose y - 4 = 2*p + 4, -o = -3*y - p. What is the units digit of y?
2
Suppose 138 = -n - 3*n - 2*k, -4*n - 3*k - 137 = 0. Let y = 76 + n. What is the units digit of y?
1
Let s(h) = 2*h**3 - 2*h**2 - 3*h - 2. What is the tens digit of s(3)?
2
Let o = -7 + 11. Suppose -3 + 43 = o*g. What is the tens digit of g?
1
Let q(g) = -g**3 - 11*g**2 - g - 8. Let n be q(-11). Suppose 4*v = -2*l + 96, 53 + 19 = n*v + l. What is the units digit of (-1)/(-3)*(0 + v)?
8
Suppose -c + 36 = -3*p - 134, 701 = 4*c - 5*p. What is the units digit of c?
9
Let k(a) = a**3 + 7*a**2 + 5*a + 15. What is the tens digit of k(-6)?
2
Suppose 2*l - 3*d - 147 = 0, 3*l + 3*d - 355 = -127. What is the tens digit of l?
7
Let d(u) = -2*u + 24. Let m be d(11). Suppose 2*g - 6*g = 4, 5*a - m*g = 67. What is the tens digit of a?
1
Let b(d) = d**2 + 6*d + 3. What is the tens digit of b(-7)?
1
Let j = 6 - -4. What is the tens digit of j?
1
Let v(c) = -3*c**3 + 6*c**2 + 3*c + 1. Let k(g) = g**3 - g + 1. Let j(x) = 2*k(x) + v(x). Let p be j(6). Let w = p - 3. What is the units digit of w?
6
Let j = -31 + 61. What is the units digit of (-5)/(-2)*372/j?
1
Suppose -p + 29 = 3*a, 3*p - 57 = -4*a - 2*p. Let s be a/10*(-5)/(-2). Suppose -l = -s*l + 6. What is the units digit of l?
6
Suppose 5*j = s + 22, -4*j = j - 5*s - 10. Suppose a = 2*l - 8, -j*l + 11 = 2*a - 0*a. What is the units digit of l?
3
Let s(i) = 18*i - 6. What is the tens digit of s(3)?
4
Let l = 22 + -10. Let s = 14 - l. What is the units digit of s?
2
Let j(s) = 2*s**2 + 2*s - 2. Let k be (-2)/(-4) + (-15)/6. Let f be j(k). What is the units digit of (-2 - (0 + -1)) + f?
1
Suppose -5*x - 251 = -3*l, -3*l = -4*x - 67 - 180. What is the units digit of l?
7
Let p(o) be the second derivative of -o**4/12 - 4*o**3/3 - o**2 - o. What is the units digit of p(-7)?
5
Let u = 5 - 7. What is the units digit of (7 + -6)/(u/(-112))?
6
Let h(t) = t**2 + 7*t - 4. Let n be h(-8). Let x(l) = l**3 - 4*l**2 + 5. What is the units digit of x(n)?
5
Let y = 16 + 4. Let t = 14 - y. Let g = t + 10. What is the units digit of g?
4
Let p(q) = 4*q**2 - 5*q + 4. What is the units digit of p(3)?
5
Suppose 2*m = -5*g + 17, -2*g - 6*m + 9 = -3*m. Let v = g - -7. What is the units digit of v?
0
Suppose -2*b + 0*b = 4. Let d(w) = -5*w - 1. Let s be d(1). Let x = b - s. What is the units digit of x?
4
Let v = -2 - -3. Let c = v - -29. What is the tens digit of c?
3
Suppose -3*j - 18 = -2*f, -3*j + 3 = -4*f + 27. Suppose 2*w - 75 = -f*w. What is the units digit of w?
5
Let u(z) = -z**2 + z - 1. Let b be u(0). Let d = 1 - b. Suppose -d*i = 5*c - 6*i + 5, 0 = 2*c - i - 1. What is the units digit of c?
3
Suppose 5*g = 10 - 0. Let t = 1 + g. Suppose -4 - 20 = -t*q. What is the units digit of q?
8
What is the units digit of ((-4090)/14)/(-1) - 80/560?
2
Let r = -280 + 457. What is the tens digit of r?
7
Let c = -6 + 11. Suppose c*q - 28 = q. What is the units digit of q?
7
Let a = 157 - 79. What is the tens digit of a?
7
Suppose 2 = 4*r - 5*r - 4*y, 2*r - 3*y - 7 = 0. Let n = 13 - r. What is the tens digit of n?
1
Suppose -13 - 7 = -4*s. Let a = -1 + s. Suppose 3*m - w - a = 0, 2*m - 2*w - 1 = -5. What is the units digit of m?
3
Suppose x + k + 4 = 0, 2*k - 8 = -4. Let r = 10 + x. What is the units digit of r?
4
Suppose -5*i - 4*o + 124 = 0, i - 5*o - 14 - 5 = 0. What is the units digit of i?
4
Let s be (4 - 3)/((-2)/6). Let g = s + 3. Suppose -5*i + 6 - 1 = g. What is the units digit of i?
1
Suppose 1 - 9 = -2*z. What is the units digit of z?
4
Let t = 143 + -19. What is the tens digit of t?
2
Let i = 15 - -31. What is the tens digit of i?
4
Suppose 2 = 3*u + 26. Let y = 15 - u. What is the tens digit of y?
2
Let a(y) = y**3 + 13*y**2 + 9*y + 18. What is the tens digit of a(-12)?
5
Suppose -2*o - 8 = 2*g, 0*g = -5*g - 10. Let h(s) = -2*s - 3*s**2 + 6*s**2 - 2*s**2. What is the units digit of h(o)?
8
What is the units digit of (-26)/117 + (-814)/(-18)?
5
Suppose -148 - 8 = -4*y. What is the tens digit of y?
3
Let n = 14 + 11. Suppose 4*b = -b + n. What is the units digit of b?
5
Let l(a) = 4*a**2 - 9*a - 22. What is the units digit of l(-4)?
8
Suppose -37*b + 35*b + 188 = 0. What is the units digit of b?
4
Let u = -7 - -83. What is the units digit of u?
6
Let k = -64 + 88. What is the tens digit of k?
2
Suppose -g = 2*g + 6, 2*f = g + 168. What is the tens digit of f?
8
Let t = -4 - -2. Let k be (4 - 0)/(0 - t). S